t p(o) = -173*o + 5553. Determine p(31).
190
Let d(t) = 64*t + 5306. What is d(-83)?
-6
Let a(h) = -98*h - 89. Give a(-5).
401
Let o(r) = -r**3 + 17*r**2 + 42*r - 86. Give o(19).
-10
Let r(f) = -f**2 + 80*f + 2120. Calculate r(-21).
-1
Let f(s) = 48*s + 227. Determine f(-5).
-13
Let i(g) = 853*g - 873. Give i(1).
-20
Let o(l) = -227*l - 4770. What is o(-21)?
-3
Let o(b) = -5*b**2 + 7*b + 7. What is o(-7)?
-287
Let n(w) = -2*w**2 + 62*w + 1412. What is n(46)?
32
Let s(p) = p**3 - 13*p**2 + 24*p + 4. What is s(11)?
26
Let c(m) = m**2 + 271*m + 1860. Determine c(-7).
12
Let n(l) = 2*l**2 - 26*l + 83. Calculate n(10).
23
Let k(g) = 7*g**3 + 40*g**2 + 16*g + 21. Determine k(-6).
-147
Let z(w) = 9*w - 416. Calculate z(45).
-11
Let r(w) = 167*w - 423. What is r(4)?
245
Let u(q) = -q**2 + 55*q - 278. Calculate u(57).
-392
Let y(d) = 429*d**2 + 432*d + 1. Determine y(-1).
-2
Let p(g) = -11*g - 88. Calculate p(-9).
11
Let z(n) = -73*n - 1257. Give z(-23).
422
Let n(g) = g**2 + 6*g - 51. Calculate n(5).
4
Let o(i) = -2*i**2 + 455*i - 256. Give o(227).
-29
Let g(s) = 755*s - 5291. What is g(7)?
-6
Let h(q) = q**3 - 52*q**2 + 50*q + 129. What is h(51)?
78
Let w(g) = -19*g**2 + 4*g - 6. Calculate w(2).
-74
Let y(d) = -d**3 + 9*d**2 - 4*d + 17. Determine y(8).
49
Let p(k) = 176*k + 1231. Calculate p(-7).
-1
Let q(z) = -z**3 + 32*z**2 - 67*z + 29. Calculate q(30).
-181
Let x(f) = 14*f - 170. What is x(13)?
12
Let s(b) = -9*b + 475. Give s(44).
79
Let i(h) = h - 4. Give i(10).
6
Let x(k) = -1156*k - 2191. What is x(-2)?
121
Let d(y) = y**3 + 72*y**2 - 68*y - 4922. Calculate d(-72).
-26
Let u(x) = 18*x**2 - 2273*x - 1645. What is u(127)?
6
Let n(s) = 25*s + 273. Give n(-10).
23
Let i(w) = 3*w**2 - 69*w - 131. Calculate i(25).
19
Let v(t) = t**3 - 29*t**2 + 187*t - 166. Determine v(21).
233
Let q(a) = 16*a**2 + 592*a - 4. Calculate q(-37).
-4
Let f(y) = -8*y**3 - 4*y**2 - 10*y + 5. Give f(-2).
73
Let r(t) = -5*t**3 + 42*t**2 - 2*t - 111. Calculate r(8).
1
Let r(m) = -1823*m + 29190. What is r(16)?
22
Let r(s) = 3*s**2 - 4*s - 5. Determine r(-6).
127
Let s(j) = -4*j**2 + 1081*j + 2996. What is s(273)?
-7
Let d(u) = -u**2 + 81*u + 717. Give d(-8).
5
Let u(x) = -3*x**3 - 14*x**2 + 6*x - 53. Determine u(-6).
55
Let f(z) = 34*z + 5577. Give f(-161).
103
Let o(w) = 3*w**3 - 105*w**2 - 221*w - 42. Give o(37).
-5
Let m(u) = -3*u**2 + 54*u + 1074. What is m(-12)?
-6
Let o(a) = 425*a - 355. Give o(1).
70
Let x(y) = 1082*y + 5414. Calculate x(-5).
4
Let p(i) = -i**2 + 61*i + 689. Determine p(-10).
-21
Let y(b) = 24*b**2 + 700*b + 120. Calculate y(-29).
4
Let d(c) = -c**2 - 28*c + 1174. Calculate d(23).
1
Let h(u) = 2*u**2 - 18*u + 22. Calculate h(6).
-14
Let p(g) = -18*g - 85. What is p(-6)?
23
Let g(n) = -n**2 + 37*n + 279. Determine g(-7).
-29
Let r(t) = 8*t**3 + 46*t**2 - 11*t - 18. Give r(-6).
-24
Let q(l) = -2*l**2 - 1136*l - 4524. Calculate q(-4).
-12
Let c(p) = 5*p**3 + 6*p**2 + 4*p - 1. What is c(-1)?
-4
Let u(g) = -337*g + 3088. Determine u(9).
55
Let y(g) = -3*g**2 - 117*g - 605. Give y(-5).
-95
Let g(i) = i**3 + 6*i**2 + 2*i + 10. Determine g(-6).
-2
Let i(u) = u**3 - 2*u**2 - 11*u + 4. Give i(3).
-20
Let s(i) = -263*i + 486. What is s(2)?
-40
Let w(i) = i**3 + 13*i**2 - 20*i - 415. What is w(-10)?
85
Let y(p) = -p**2 - 70*p + 2385. What is y(-96)?
-111
Let c(i) = i**3 - 17*i**2 - 5*i + 32. What is c(17)?
-53
Let k(y) = -y**3 + 11*y**2 - 23*y - 41. Give k(5).
-6
Let l(i) = 7*i**3 - 2*i**2 + 7*i - 4. Determine l(2).
58
Let s(m) = m**3 + 5*m**2 - 52*m - 245. Give s(-7).
21
Let r(y) = y**2 + 54*y + 74. Calculate r(-45).
-331
Let y(c) = c**3 - 3*c**2 - 55*c - 1. Determine y(9).
-10
Let g(d) = -107*d**2 - 10*d + 5. What is g(2)?
-443
Let v(z) = 170*z**2 + 2*z - 30. What is v(0)?
-30
Let r(p) = 3*p**2 + 16*p - 94. What is r(7)?
165
Let g(m) = -m**3 + 8*m**2 + 649*m + 346. Calculate g(30).
16
Let j(u) = -u**3 - 10*u**2 + 10*u + 112. Give j(-10).
12
Let r(h) = 5*h**3 - 29*h**2 + 3*h + 1. What is r(6)?
55
Let d(g) = -121*g - 4832. Determine d(-40).
8
Let b(p) = -p**3 + 10*p**2 - 10*p - 134. What is b(8)?
-86
Let w(s) = 37*s - 838. What is w(15)?
-283
Let x(p) = p**2 + 10*p + 25. Calculate x(-6).
1
Let l(w) = -4*w**2 - 90*w + 117. What is l(-28)?
-499
Let x(i) = 24*i + 45. Give x(-3).
-27
Let f(q) = 101*q - 413. What is f(4)?
-9
Let v(x) = -28*x**2 - 23*x + 4. Give v(0).
4
Let n(f) = -133*f**2 - 1855*f + 90. Determine n(-14).
-8
Let b(w) = -48*w + 2876. Give b(60).
-4
Let m(o) = -315*o + 1583. Determine m(5).
8
Let y(o) = 104*o - 3221. Determine y(31).
3
Let z(l) = -68*l - 81. Determine z(-2).
55
Let a(m) = -375*m + 2282. Calculate a(6).
32
Let i(t) = -t**3 + 11*t**2 - 189*t + 1146. What is i(6)?
192
Let p(l) = -193*l + 6564. Determine p(34).
2
Let q(i) = 14115*i - 155280. What is q(11)?
-15
Let l(w) = -57*w + 358. Calculate l(6).
16
Let l(j) = 31*j + 1120. Calculate l(-36).
4
Let l(m) = 37*m - 77. Calculate l(0).
-77
Let j(x) = -4*x**2 - 831*x + 221. Determine j(-208).
13
Let a(u) = 2*u**3 + 8*u**2 + 3*u - 12. Give a(-3).
-3
Let c(o) = o**2 + 20*o - 43. What is c(0)?
-43
Let y(b) = -2*b**2 + 276*b + 1125. What is y(-4)?
-11
Let b(p) = -10*p - 59. What is b(-7)?
11
Let g(w) = 174*w**3 + w**2 + 2*w. Give g(-1).
-175
Let p(t) = 2*t**2 - 127*t - 33. Calculate p(67).
436
Let b(n) = -2*n**2 - 157*n + 12846. Give b(50).
-4
Let h(x) = x**3 + 22*x**2 + 28*x + 59. Calculate h(-20).
299
Let u(j) = -11*j**2 + 3*j + 19. Calculate u(-3).
-89
Let i(j) = 20*j + 124. Determine i(2).
164
Let j(w) = 5*w**2 - 71*w - 200. Determine j(16).
-56
Let a(g) = -10*g**2 - 62*g - 17. What is a(-6)?
-5
Let t(a) = -9*a**2 + 67*a - 302. Give t(7).
-274
Let q(k) = 4*k**3 + 18*k**2 - 6*k + 42. What is q(-5)?
22
Let q(b) = b**3 + 5*b**2 - 51*b - 87. Determine q(6).
3
Let j(t) = -8*t**3 - 3104*t**2 - 3*t - 1169. What is j(-388)?
-5
Let b(a) = -96*a - 368. Give b(-4).
16
Let p(y) = -106*y - 1168. Calculate p(-11).
-2
Let f(b) = -b**2 + 363*b + 10108. Give f(-26).
-6
Let h(y) = -y**3 + 37*y**2 + 86*y - 272. Determine h(39).
40
Let s(h) = h**3 + 43*h**2 - 91*h - 81. What is s(-45)?
-36
Let x(t) = 3*t**3 + 6*t**2 + 19*t - 7. Calculate x(-3).
-91
Let y(z) = -155*z + 11487. What is y(74)?
17
Let s(g) = -4*g**2 - 4*g - 10. Give s(-7).
-178
Let m(s) = 3*s**2 + 28*s + 137. Give m(-5).
72
Let u(w) = w**2 - 119*w + 1276. Calculate u(12).
-8
Let o(h) = 6*h + 35. Give o(3).
53
Let x(i) = 22*i**2 - 88*i - 2. What is x(5)?
108
Let n(b) = -2*b**2 - 32*b - 257. What is n(-11)?
-147
Let k(p) = p**2 + 6*p - 23. Give k(10).
137
Let k(f) = -59*f**2 + 3*f - 18. What is k(2)?
-248
Let b(c) = -c**3 - 8*c**2 + 9*c - 31. Determine b(-10).
79
Let x(v) = 260*v + 2874. Give x(-11).
14
Let z(q) = 18*q**2 + 230*q - 34. Determine z(-14).
274
Let u(h) = 3*h**2 + 77*h - 4765. What is u(29)?
-9
Let n(h) = -29*h**2 + 154*h - 27. What is n(5)?
18
Let k(f) = -28*f**2 - 22*f - 6. Calculate k(3).
-324
Let f(k) = 6*k + 322. Determine f(33).
520
Let z(h) = -h**3 + 14*h**2 - 2*h + 7. What is z(14)?
-21
Let z(g) = g**3 + 12*g**2 + 161*g + 1380. Give z(-10).
-30
Let n(b) = -253*b - 16689. Give n(-66).
9
Let g(t) = 60*t - 648. Give g(12).
72
Let q(x) = 985*x + 3959. What is q(-4)?
19
Let g(s) = 19*s**2 - 2810*s - 295. Determine g(148).
1
Let w(d) = 89*d - 1787. Give w(20).
-7
Let c(w) = -w**3 + w**2 + 35*w + 61. Give c(-3).
-8
Let b(a) = 2*a**2 + 2*a - 29. Determine b(-11).
191
Let u(f) = -9*f**3 - 3*f**2 + 3*f + 4. What is u(-2)?
58
Let o(f) = 3*f**2 - 118*f - 1424. Determine o(49).
-3
Let o(u) = 804*u - 11259. Calculate o(14).
-3
Let v(x) = -4*x**2 + 8*x - 22. Calculate v(6).
-118
Let y(q) = -109*q + 2941. Determine y(27).
-2
Let v(i) = 79*i + 745. Calculate v(-10).
-45
Let n(d) = -2*d**2 - 11*d + 217. What is n(-22)?
-509
Let k(p) = 6*p**3 + 32*p**2 + 10*p + 5. What is k(-5)?
5
Let i(f) = 48*f + 780. Determine i(-15).
60
Let m(n) = -n**2 - 19*n + 1555. Give m(-50).
5
Let b(o) = 441*o - 11913. Determine b(27).
-6
Let k(v) = v**3 - 64*v**2 + 54*v + 410. What is k(63)?
-157
Let n(x) = x**3 + 53*x**2 + 609*x - 104. What is n(-36)?
4
Let o(h) = -68*h - 1288. Determine o(-24).
344
Let q(o) = 14*o - 7. Calculate q(8).
105
Let a(o) = -o**3 - 23*o**2 - 19*o + 42. Determine a(-22).
-24
Let u(l) = 992*l + 12936. Give u(-13).
40
Let z(f) = -2*f**2 - 185*f 